
Let f(m) = m**3 + 7*m**2 + 5*m - 3. Let p be f(-6). Let s = -30 - -23. Let b = p - s. What are the prime factors of b?
2, 5
Suppose 320 = 4*q + 32. Suppose -2*i = -5*k + 333, k + 5*i - q = -0*k. List the prime factors of k.
67
Suppose 0 = 90*b - 87*b - 1257. Suppose 245 = 3*h - 5*k, -h + 6*h - 3*k - b = 0. What are the prime factors of h?
5, 17
Let q(x) = -2*x**2 + 10*x + 4. Let m be q(5). Suppose m*k - 13*k = -1557. List the prime factors of k.
173
Suppose 42*g - 28336 = 28*g. List the prime factors of g.
2, 11, 23
Let j = 3873 - 2645. List the prime factors of j.
2, 307
Let c be (3 - (-17)/(-3))/(4/(-6)). Suppose 0 = c*w - 18 - 90. List the prime factors of w.
3
Let a = -88 - -58. What are the prime factors of 8/16 - a/4?
2
Suppose 4*d + 11 + 21 = 0. Let y be (-115)/(-4) - 2/d. Suppose -41 = -2*o + y. List the prime factors of o.
5, 7
Let p(b) = -b**3 + 7*b**2 + 6*b - 2. Let o be p(7). Let u = -52 - o. Let j = 148 + u. What are the prime factors of j?
2, 7
Suppose -2*n = 70*t - 75*t + 24, -2*n = 4. Let f be (-2462)/4 - (-1)/2. List the prime factors of 1/(f/(-153) - t).
3, 17
Let r = 117 - -245. List the prime factors of r.
2, 181
Suppose 2 = 4*i - 4*k - 2, 0 = i + 2*k + 2. Suppose 5*v - 2*v - 81 = i. What are the prime factors of v?
3
Suppose 9999 = 197*p - 188*p. What are the prime factors of p?
11, 101
Suppose -i = 4*n - 12, 4*i - 96 = n - 14. Let o = -16 + i. What are the prime factors of o + -20*1/(-2)?
2, 7
Let b(a) = -a**3 + 11*a**2 + 12*a - 1. Let j be b(12). What are the prime factors of (-2 + 1)/2*(j - 193)?
97
Let u(o) = 8*o**2 - 6*o + 3. Suppose -21 = -2*m - 5*m. What are the prime factors of u(m)?
3, 19
Let m = -70 + -6. Suppose 0 = 5*d - 2*h + 35 + 25, 0 = 4*d + h + 48. What are the prime factors of (m/d)/(3/9)?
19
Let z be ((-9)/(-4))/(45/(-120)). List the prime factors of 34 - (z/(-4))/((-9)/(-12)).
2
Suppose 5*d + 1 = 11. Suppose 2*x - 16 = -d*x, -3*a - 17 = -2*x. Let s(b) = -10*b - 2. List the prime factors of s(a).
2, 7
Let v = -270 + 770. What are the prime factors of v?
2, 5
Suppose 0 = -v + 2 + 2. Suppose -v*i = 5*g - 4*g + 39, 0 = -i - 4*g - 6. Let s = i - -16. What are the prime factors of s?
2, 3
Suppose 17239 = 41*s - 156929. What are the prime factors of s?
2, 3, 59
Suppose -11*z + 55949 = 17196. List the prime factors of z.
13, 271
Let s(t) = -1120*t - 94. List the prime factors of s(-2).
2, 29, 37
Let d be 6/10 - -2*159/(-30). List the prime factors of d/4*1072/(-40).
67
Suppose 0*p + 5*p = 10. Suppose 104 = p*j - 68. List the prime factors of j.
2, 43
Let r(t) = t**2 - 17*t + 19. Let p be r(19). Suppose 1 = -4*v + p. List the prime factors of v.
2, 7
Suppose 5*p = 48 + 2. Let g(j) = 10*j - 14. What are the prime factors of g(p)?
2, 43
Suppose 3*s + 41 = f - 6*f, -2*f - 26 = 2*s. What are the prime factors of (-558)/12*s/9?
2, 31
Let y = 2019 + 1524. What are the prime factors of y?
3, 1181
Let t(h) = 31*h**3 + h**2 - 3*h + 3. Let n be t(1). Let y = 0 + 6. Suppose 0 = 3*d - d + y, 0 = k + 3*d - n. List the prime factors of k.
41
What are the prime factors of (3 - 16675/15)/(10/(-15))?
1663
Let y be (8/6)/((-2)/(-6)). Suppose 3*k - y = k. What are the prime factors of k/9 - 338/(-18)?
19
Let l = -2 - -4. Suppose -u - l*a = a - 39, 3*u - 89 = -2*a. Suppose -3*q = 4*z - 71, -q + u = 2*z + z. List the prime factors of q.
3, 7
Suppose -13*m + 16*m - 996 = -a, 2013 = 2*a - m. List the prime factors of a.
3, 5, 67
Suppose 3277 = -7*l + 8667. List the prime factors of l.
2, 5, 7, 11
Suppose -24062 = -10*d + 8148. List the prime factors of d.
3221
Let i(m) = -m**2 - 44*m - 59. What are the prime factors of i(-24)?
421
Let b(d) = 2*d**2 - 50*d + 44. List the prime factors of b(43).
2, 199
What are the prime factors of (72/(-20))/(-1)*675?
2, 3, 5
Suppose -11*a - 117 = -1987. List the prime factors of a.
2, 5, 17
What are the prime factors of (-12)/(-28) - 3*370/(-105)?
11
Let m be -6*(-4 - 5/(-2)). Suppose 4*d = m*d - 20. Suppose d*z + z - 170 = 0. List the prime factors of z.
2, 17
Suppose 1663 + 245 = 9*k. List the prime factors of k.
2, 53
Let l(c) = 217*c + 13. Let v(y) = 109*y + 7. Let p(r) = -3*l(r) + 5*v(r). List the prime factors of p(-1).
2, 3, 17
Suppose -5*p - d + 4*d = 114, -3*p - 51 = 4*d. Let c = p + 28. List the prime factors of c.
7
Let x = 4 + -1. Suppose -109 = -x*c - 1. Let b = c + -7. What are the prime factors of b?
29
Let y = 22 + -30. Let i(w) = -w**3 - 9*w**2 - 10*w - 2. List the prime factors of i(y).
2, 7
Suppose 16*x - 464 = -16. List the prime factors of 6822/21 + (16/x)/4.
5, 13
Suppose 3*t = -5*s + 7347, s - 10*t + 12*t - 1468 = 0. List the prime factors of s.
2, 3, 5, 7
Let k(y) = -y - 11. Let q be k(-5). Let r be (2 + -14)/3 - q. What are the prime factors of r/(-7) - 382/(-14)?
3
Suppose -s - 20 + 23 = 0. What are the prime factors of (-1 - -58) + 1 + s?
61
Suppose 5*x - 1148 = -308. What are the prime factors of x?
2, 3, 7
Let b(f) = f**3 - 5*f**2 - 2*f + 6. Suppose 0 = -3*g + 3*k + 9, 2*k + 41 - 17 = 5*g. What are the prime factors of b(g)?
2, 3, 5
Let s(p) = 9*p + 28*p**2 - 9*p + 4*p - 3. List the prime factors of s(2).
3, 13
Let r(a) = -10*a + 82. Let f be r(-21). Suppose -5*z = -3*b + 4*b - f, -5*b - 3*z = -1350. What are the prime factors of b?
3, 89
Suppose 2*c = 6 + 2. Suppose c*t - 5*v + 2*v - 293 = 0, 281 = 4*t + v. What are the prime factors of t?
71
Let c(y) = -y**3 - 18*y**2 + 6*y + 9. Suppose 0*l - 41 = 2*x + l, -5*x - 4*l = 107. What are the prime factors of c(x)?
2
Let a = -25 - -31. List the prime factors of 194/((3*-1)/((-9)/a)).
97
Suppose -72*d = -62*d - 11690. List the prime factors of d.
7, 167
Suppose 0 = -4*m - s + 712, -35*s + 547 = 3*m - 31*s. List the prime factors of m.
3, 59
Let w(h) = -3*h + 19*h**3 + 0 - 1 - 5*h**3 + h. Let c be w(-1). Let f = c - -25. List the prime factors of f.
2, 3
Let t = 21 + -22. Let w be (-6)/(-3) + t + 7. Suppose -2*n = -w - 22. What are the prime factors of n?
3, 5
Let p be (1/((-12)/(-363)))/((-4)/(-48)). Suppose -o + 328 = 4*x - p, 4*o + 716 = 4*x. List the prime factors of x.
2, 3, 29
What are the prime factors of (0 - (-9)/(-6))/(14/(-26068))?
3, 7, 19
Suppose 0 = -4*k - k - 25. Let h be 5*((-85)/(-25) - 4). List the prime factors of h/k*(-140)/(-4).
3, 7
Let y = -7 + 10. Let z be ((-4)/3)/(14/(-21)). Suppose -f = -0*f - 4*h - 70, 170 = y*f - z*h. What are the prime factors of f?
2, 3
Let n(s) = -s**3 + 6*s**2 + s - 3. Let l be n(4). Suppose -3*w + l = -27. Suppose 2 = -2*u + w. What are the prime factors of u?
3
Suppose -22*q + 8 = -26*q, 5*y = -q + 7873. List the prime factors of y.
3, 5, 7
Let q = 790 + 4176. List the prime factors of q.
2, 13, 191
Suppose -2*x - 3*x + 30 = 0. Let j(f) = f**2 + 7. What are the prime factors of j(x)?
43
Suppose 14*d + 2*d - 29888 = 0. What are the prime factors of d?
2, 467
Suppose 5*x + 289 + 86 = 4*k, -3*k + 4*x + 280 = 0. List the prime factors of k.
2, 5
Let b(r) = -2*r**2 + 2*r - 16. Let z be b(9). Let a = z + 266. What are the prime factors of a?
2, 53
Let z = -2201 + 3294. What are the prime factors of z?
1093
Suppose -1 = -4*n - 1033. List the prime factors of (-4)/20*n + 3/(-5).
3, 17
Let v = 1244 + -714. Suppose 3*k - 250 = k + 4*c, 4*k - v = -2*c. List the prime factors of k.
131
Let j(u) = -u**3 - 19*u**2 - u + 2. Let w = 16 + -35. What are the prime factors of j(w)?
3, 7
Suppose m = -0*o + 5*o - 9070, -4*o - 4*m + 7256 = 0. What are the prime factors of o?
2, 907
Suppose -8*u + q = -7*u - 345, 2*u + 2*q = 682. List the prime factors of u.
7
Let o = 848 + -657. List the prime factors of o.
191
Let p(o) = -o**3 + 5*o**2 + 3*o**2 + 7*o - 4*o - 1 + 4*o**2. Suppose 0*a - 24 = -a + 4*y, 39 = 3*a - y. List the prime factors of p(a).
5, 7
Suppose -4*f + 19 = -c - 2*f, -3*c + 4*f = 53. List the prime factors of 5/c - (1192/(-6))/2.
3, 11
Let x be 333 + -5 + 1 - 2. Let v = x + -198. What are the prime factors of v?
3, 43
Let w = 146 + -90. Suppose 3*x - w = 5*s, x + 3*x + 3*s = 123. Suppose 6*j - 3*j = x. What are the prime factors of j?
3
Suppose -4*i = -297 - 103. What are the prime factors of i - (0 + 1 + -2)?
101
Suppose 5*p + 4*f = 5*f + 18, -2*p - 2 = -5*f. Suppose -p*s + 315 = s. List the prime factors of s.
3, 7
Suppose 2*r + 16 = 4*r. Let w be (-2)/4*-3*r. Suppose d = -3*d + w